se 11, what is 3a + 33763a?
337679
In base 5, what is -1330124332 - -14?
-1330124313
In base 11, what is 2 + -7a779?
-7a777
In base 2, what is -1100110000010110 + -110?
-1100110000011100
In base 13, what is aa1b9 - -13?
aa1cc
In base 13, what is 4 - 3548c8?
-3548c4
In base 2, what is 10001000110 + 100111101001?
111000101111
In base 11, what is 5 - 737527?
-737522
In base 2, what is 1101010001111001111110101 + 0?
1101010001111001111110101
In base 4, what is 21012 - -12223120?
12310132
In base 5, what is -2234 + -14324233?
-14332022
In base 15, what is -1e + -b5418c?
-b541ab
In base 2, what is -111111111001 + 11110001101?
-100001101100
In base 14, what is 210044 - 163?
20dcc1
In base 15, what is -92dcb1 + -3?
-92dcb4
In base 14, what is 1a287 + -4b?
1a23a
In base 7, what is -304163 - -25?
-304135
In base 3, what is -1020012 + 122110221111?
122102201022
In base 3, what is 1022122210220 + 1102?
1022122212022
In base 13, what is -7 - -9033a0?
903396
In base 12, what is -350 - -37775?
37425
In base 10, what is 4264760 + 21?
4264781
In base 8, what is -216426551 - -3?
-216426546
In base 13, what is 3218707 - 2?
3218705
In base 5, what is -3104324322 + 141?
-3104324131
In base 14, what is -871 + 155a?
ac9
In base 7, what is 2011 + -2043132?
-2041121
In base 15, what is -24947 + 4bc8?
-1ec6e
In base 8, what is -450447 - -41?
-450406
In base 5, what is -32132334242 + 10?
-32132334232
In base 10, what is 267949 - 219?
267730
In base 12, what is 692b - -77a?
74a9
In base 14, what is -83a + 33ac?
2972
In base 9, what is 1623 + -48087?
-46364
In base 9, what is -4 + -1087653?
-1087657
In base 10, what is 0 - 3151284?
-3151284
In base 11, what is -318413 - -97a?
-317544
In base 15, what is 80 - -da3099?
da3129
In base 2, what is -1001010101000011001010 - -11?
-1001010101000011000111
In base 7, what is 546 - -14103?
14652
In base 9, what is 48504517 + 4?
48504522
In base 13, what is -2 - -7754c3?
7754c1
In base 9, what is -2015 + 3143?
1127
In base 9, what is 586 + 1228321?
1230017
In base 7, what is 0 - -125602064?
125602064
In base 7, what is -1 - 413252563?
-413252564
In base 15, what is 3c08026 + -6?
3c08020
In base 7, what is 365010 - 35?
364642
In base 9, what is 148 - 3680?
-3531
In base 5, what is 2330224411 + 3?
2330224414
In base 9, what is 457103 + -5?
457087
In base 8, what is 400045170 + -2?
400045166
In base 6, what is 3432 - 1353040?
-1345204
In base 8, what is -76 - -1233341?
1233243
In base 4, what is -2 + -13332123210?
-13332123212
In base 5, what is -43432422210 - -3?
-43432422202
In base 2, what is 10000001011000100 + 1001100?
10000001100010000
In base 16, what is c84377 + -1?
c84376
In base 15, what is 72 + 46341?
463b3
In base 6, what is -244 + -121402030?
-121402314
In base 3, what is -21111 - 10000011001110?
-10000011022221
In base 5, what is -1111321 - -3300212?
2133341
In base 7, what is -15 - -2063521?
2063503
In base 9, what is -6070761 + -2?
-6070763
In base 8, what is -2 - -7264677?
7264675
In base 12, what is -371a9 + -1570?
-38759
In base 15, what is 1352 - 176?
11cb
In base 16, what is -b35ad8f - 2?
-b35ad91
In base 4, what is 103 - -120201121?
120201230
In base 14, what is -b1 + 26203c?
261d6b
In base 2, what is 1110 - -101111000001000000100111?
101111000001000000110101
In base 7, what is -5 - -5241546?
5241541
In base 12, what is 8 + -154137?
-15412b
In base 15, what is -5b03 + -98?
-5b9b
In base 15, what is b3a83 + -4?
b3a7e
In base 6, what is -4 + 10001331333?
10001331325
In base 2, what is -1001110 + 1101100101101010?
1101100100011100
In base 14, what is 993c + -1323?
8619
In base 5, what is 3 + 1320000302?
1320000310
In base 15, what is 693 - -12a8?
194b
In base 8, what is -104356453 - 2?
-104356455
In base 2, what is -101100001010111101011 - 100000?
-101100001011000001011
In base 16, what is 3fd460c + -8?
3fd4604
In base 12, what is -114262 + -33?
-114295
In base 12, what is -1541 + 3a2a4?
38963
In base 2, what is 11010011101011100000110 + -11?
11010011101011100000011
In base 14, what is -d128b - 7?
-d1294
In base 10, what is 14 + -1045977?
-1045963
In base 13, what is -3 + -37626ab5?
-37626ab8
In base 5, what is 2130032 + -3300?
2121232
In base 13, what is -12650b - 7?
-126515
In base 13, what is -38 - 644ba?
-64525
In base 7, what is 45220454 + 100?
45220554
In base 6, what is 33 - 2505112341?
-2505112304
In base 15, what is 5 + -1657b5?
-1657b0
In base 2, what is -11010011010100100110000 - -1?
-11010011010100100101111
In base 6, what is 30 - 4130555511?
-4130555441
In base 16, what is -3 - -22aad5?
22aad2
In base 13, what is 3 + -4932ba6?
-4932ba3
In base 9, what is 375 + -280314?
-278828
In base 14, what is 30cb4 - -a5?
30d79
In base 5, what is 243303 - -1102010?
1400313
In base 2, what is -100 - 10011001000101101100101?
-10011001000101101101001
In base 16, what is -114c2ee - -3?
-114c2eb
In base 9, what is 438363640 - 1?
438363638
In base 7, what is 153535 - 2034?
151501
In base 15, what is 0 + -37ada6?
-37ada6
In base 14, what is 999323d - 8?
9993235
In base 9, what is 2043708 - 42?
2043656
In base 8, what is -4 - 207710514?
-207710520
In base 2, what is -100011010000101010000 - 110?
-100011010000101010110
In base 10, what is -5 + -109296301?
-109296306
In base 7, what is 200333521 + -2?
200333516
In base 8, what is 52131 - -636?
52767
In base 5, what is -2043004 + -432?
-2043441
In base 13, what is -10 - -590496?
590486
In base 3, what is 22110220020002 + 21?
22110220020100
In base 16, what is -31dee - -c?
-31de2
In base 14, what is 0 - -397717?
397717
In base 11, what is 1925 + -5396?
-3571
In base 16, what is a + 25cf55?
25cf5f
In base 6, what is -1035005430 + 15?
-1035005411
In base 16, what is 51651 - 0?
51651
In base 4, what is -1010010 + 113203?
-230201
In base 7, what is -1500134 - -2?
-1500132
In base 3, what is 1112 - 12202222122?
-12202221010
In base 11, what is 102a884 - 0?
102a884
In base 10, what is -131740368 - -13?
-131740355
In base 13, what is -11569 + -3cb5?
-15551
In base 12, what is -38a - 8ab0?
-927a
In base 16, what is -667 + 24d?
-41a
In base 13, what is 273 - -b4963?
b4c06
In base 3, what is 101122102121212 + -120?
101122102121022
In base 11, what is -13a500 - 247?
-13a747
In base 13, what is -43 + 11532?
114bc
In base 4, what is 1021 - 103310332123?
-103310331102
In base 7, what is 120 - -1120621?
1121041
In base 10, what is 194079207 - 0?
194079207
In base 4, what is 1012321 + 213000?
1231321
In base 11, what is 418 - -7415?
7832
In base 9, what is 5 - 214355618?
-214355613
In base 8, what is -21454 + 2453?
-17001
In base 10, what is -1 + 42518336?
42518335
In base 5, what is 101201 + -1020?
100131
In base 8, what is 62 + -70302?
-70220
In base 15, what is 1 - 36691da?
-36691d9
In base 10, what is 265547 + 386?
265933
In base 3, what is 21200110200110200 + -1?
21200110200110122
In base 10, what is 0 + 42118692?
42118692
In base 3, what is 2001022 - 202011?
1022011
In base 5, what is 1 + 1443330401?
1443330402
In base 2, what is 10100101011010000000100010 - -10?
10100101011010000000100100
In base 6, what is 30410252 + 13?
30410305
In base 6, what is -333310 - 411?
-334121
In base 2, what is 101111101000011011110 + -110?
101111101000011011000
In base 14, what is 5da6a + 7?
5da73
In base 9, what is -15 + -4785606?
-4785622
In base 9, what is 0 + -11515851?
-11515851
In base 4, what is 231103332 + -2102?
231101230
In base 3, what is 12012220212221011 + -2?
12012220212221002
In base 12, what is 141a90b2 - -8?
141a90ba
In base 7, what is -4 - 25232225?
-25232232
In base 9, what is -4140568 + -12?
-4140581
In base 2, what is -10101110110000110111011 + -1011?
-10101110110000111000110
In base 14, what is 23 + -4ca3b?
-4ca18
In base 5, what is -244003 + 1223?
-242230
In base 15, what is 17936e + 4?
179373
In base 8, what is -14716074 - 0?
-14716074
In base 8, what is 1274 - -140105?
141401
In base 13, what is -5 - 21c572c?
-21c5734
In base 16, what is -2 + -1350acb?
-1350acd
In base 15, what is 3 + 268721?
268724
In base 5, what is -233 - -1040022020?
1040021232
In base 2, what is 100111100010011 - 1010111110?
100110001010101
In base 11, what is -5 - 9604a936?
-9604a940
In base 3, what is -2111 + 2211110021?
2211100210
In base 11, what is a3054 - -14?
a3068
In base 3, what is -120121 - 102102